{"id":216,"date":"2023-11-21T15:06:16","date_gmt":"2023-11-21T14:06:16","guid":{"rendered":"https:\/\/espacefrossard.fr\/?page_id=216"},"modified":"2024-04-15T16:46:18","modified_gmt":"2024-04-15T14:46:18","slug":"lassociation-atpbb","status":"publish","type":"page","link":"https:\/\/espacefrossard.fr\/?page_id=216","title":{"rendered":"L&#8217;association ATPBB"},"content":{"rendered":"\n<div style=\"height:100px\" aria-hidden=\"true\" class=\"wp-block-spacer\"><\/div>\n\n\n\n<h3 class=\"wp-block-heading\">Les amis du temple protestant de Bagn\u00e8res-de-Bigorre<\/h3>\n\n\n\n<pre class=\"wp-block-preformatted\">Les Amis du Temple Protestant de Bagn\u00e8res-de-Bigorre est une association loi 1901, ouverte \u00e0 tous. Le but est de \" <em>faire conna\u00eetre et vivre, par des activit\u00e9s culturelles, le temple protestant de la ville de Bagn\u00e8res-de-Bigorre<\/em> \". Elle a \u00e9t\u00e9 d\u00e9clar\u00e9e \u00e0 la pr\u00e9fecture le 22 d\u00e9cembre 2020.<\/pre>\n\n\n\n<h3 class=\"wp-block-heading\">Le bureau<\/h3>\n\n\n\n<pre class=\"wp-block-preformatted\">Le pr\u00e9sident: Henri Parlier\nLe vice-pr\u00e9sident: R\u00e9mi Cabanac\nLe secr\u00e9taire: St\u00e9phane R\u00e9my\nLa tr\u00e9sori\u00e8re: Yolaine Parlier<\/pre>\n\n\n\n<h3 class=\"wp-block-heading\">Le conseil d&#8217;administration<\/h3>\n\n\n\n<pre class=\"wp-block-preformatted\">Il est compos\u00e9 par des membres repr\u00e9sentants diverses associations principalement actives sur la ville de Bagn\u00e8res-de-Bigorre. Ces associations sont partenaires car elles utilisent le temple pour pr\u00e9senter leurs activit\u00e9s.<\/pre>\n\n\n\n<h3 class=\"wp-block-heading\">Le propri\u00e9taire<\/h3>\n\n\n\n<pre class=\"wp-block-preformatted\">C'est l\u2019\u00c9glise Protestante Unie de France en Hautes-Pyr\u00e9n\u00e9es (association cultuelle loi 1905) qui est propri\u00e9taire du temple et qui l'utilise pour ses offices religieux et ses r\u00e9unions spirituelles. Le propri\u00e9taire a mis \u00e0 disposition le temple \u00e0 l'association ATPBB afin qu'elle g\u00e8re en toute autonomie les activit\u00e9s culturelles au sein de l'Espace \u00c9milien Frossard. <\/pre>\n\n\n\n<h3 class=\"wp-block-heading\">Demande d&#8217;adh\u00e9sion<\/h3>\n\n\n\n<pre class=\"wp-block-preformatted\">Les demandes d'adh\u00e9sion sont adress\u00e9es \u00e0 la tr\u00e9sori\u00e8re et c'est le bureau qui statue lors de ses r\u00e9unions. Vous pouvez demander \u00e0 rejoindre l'association,  en t\u00e9l\u00e9chargeant le <a href=\"http:\/\/espacefrossard.fr\/wp-content\/uploads\/2024\/02\/Formulaire-Adhesion-2024_b.pdf\">formulaire de demande d'adh\u00e9sion<\/a>.<\/pre>\n","protected":false},"excerpt":{"rendered":"<p>Les amis du temple protestant de Bagn\u00e8res-de-Bigorre Les Amis du Temple Protestant de Bagn\u00e8res-de-Bigorre est une association loi 1901, ouverte \u00e0 tous. Le but est de &#8221; faire conna\u00eetre et [&hellip;]<\/p>\n","protected":false},"author":1,"featured_media":0,"parent":0,"menu_order":0,"comment_status":"closed","ping_status":"closed","template":"","meta":{"site-sidebar-layout":"default","site-content-layout":"","ast-site-content-layout":"default","site-content-style":"default","site-sidebar-style":"default","ast-global-header-display":"","ast-banner-title-visibility":"","ast-main-header-display":"","ast-hfb-above-header-display":"","ast-hfb-below-header-display":"","ast-hfb-mobile-header-display":"","site-post-title":"","ast-breadcrumbs-content":"","ast-featured-img":"","footer-sml-layout":"","ast-disable-related-posts":"","theme-transparent-header-meta":"","adv-header-id-meta":"","stick-header-meta":"","header-above-stick-meta":"","header-main-stick-meta":"","header-below-stick-meta":"","astra-migrate-meta-layouts":"default","ast-page-background-enabled":"default","ast-page-background-meta":{"desktop":{"background-color":"var(--ast-global-color-4)","background-image":"","background-repeat":"repeat","background-position":"center center","background-size":"auto","background-attachment":"scroll","background-type":"","background-media":"","overlay-type":"","overlay-color":"","overlay-opacity":"","overlay-gradient":""},"tablet":{"background-color":"","background-image":"","background-repeat":"repeat","background-position":"center center","background-size":"auto","background-attachment":"scroll","background-type":"","background-media":"","overlay-type":"","overlay-color":"","overlay-opacity":"","overlay-gradient":""},"mobile":{"background-color":"","background-image":"","background-repeat":"repeat","background-position":"center center","background-size":"auto","background-attachment":"scroll","background-type":"","background-media":"","overlay-type":"","overlay-color":"","overlay-opacity":"","overlay-gradient":""}},"ast-content-background-meta":{"desktop":{"background-color":"var(--ast-global-color-5)","background-image":"","background-repeat":"repeat","background-position":"center center","background-size":"auto","background-attachment":"scroll","background-type":"","background-media":"","overlay-type":"","overlay-color":"","overlay-opacity":"","overlay-gradient":""},"tablet":{"background-color":"var(--ast-global-color-5)","background-image":"","background-repeat":"repeat","background-position":"center center","background-size":"auto","background-attachment":"scroll","background-type":"","background-media":"","overlay-type":"","overlay-color":"","overlay-opacity":"","overlay-gradient":""},"mobile":{"background-color":"var(--ast-global-color-5)","background-image":"","background-repeat":"repeat","background-position":"center center","background-size":"auto","background-attachment":"scroll","background-type":"","background-media":"","overlay-type":"","overlay-color":"","overlay-opacity":"","overlay-gradient":""}},"footnotes":""},"class_list":["post-216","page","type-page","status-publish","hentry"],"_links":{"self":[{"href":"https:\/\/espacefrossard.fr\/index.php?rest_route=\/wp\/v2\/pages\/216","targetHints":{"allow":["GET"]}}],"collection":[{"href":"https:\/\/espacefrossard.fr\/index.php?rest_route=\/wp\/v2\/pages"}],"about":[{"href":"https:\/\/espacefrossard.fr\/index.php?rest_route=\/wp\/v2\/types\/page"}],"author":[{"embeddable":true,"href":"https:\/\/espacefrossard.fr\/index.php?rest_route=\/wp\/v2\/users\/1"}],"replies":[{"embeddable":true,"href":"https:\/\/espacefrossard.fr\/index.php?rest_route=%2Fwp%2Fv2%2Fcomments&post=216"}],"version-history":[{"count":6,"href":"https:\/\/espacefrossard.fr\/index.php?rest_route=\/wp\/v2\/pages\/216\/revisions"}],"predecessor-version":[{"id":699,"href":"https:\/\/espacefrossard.fr\/index.php?rest_route=\/wp\/v2\/pages\/216\/revisions\/699"}],"wp:attachment":[{"href":"https:\/\/espacefrossard.fr\/index.php?rest_route=%2Fwp%2Fv2%2Fmedia&parent=216"}],"curies":[{"name":"wp","href":"https:\/\/api.w.org\/{rel}","templated":true}]}}